ulate c(8).
-8
Let s be (-2)/8 - 171/(-76). Suppose 5*o = 3*i + 33, s*i = -6*o + 3*o + 16. Let p(g) = g**3 - 6*g**2 + 2*g - 8. Calculate p(o).
4
Suppose -22 = -4*q - 2*w, -2*w + 0 = 2. Suppose h = q*h + 15. Let m(g) = g + 16. Let u(f) = 3. Let x(a) = 2*m(a) - 11*u(a). Give x(h).
-7
Suppose 13*d - 17*d + 5*o + 31 = 0, -4*d - 4*o = -4. Let j(z) = 3*z + 3. Let s(c) = -c. Let p(m) = j(m) + 4*s(m). What is p(d)?
-1
Let a(z) = 5*z**3 - 2*z**2 + z. Let u be a(1). Let d(q) = -1 + 15*q - 5*q - 7*q - 2*q. Give d(u).
3
Let r(x) be the first derivative of -x**4/4 + 13*x**3/3 - x**2/2 + 11*x - 150. What is r(13)?
-2
Let z(v) = v - 7. Suppose 66 = f + 10*f. Calculate z(f).
-1
Let d(r) = -r**3 + 5*r**2 - 3*r - 2. Let o be 856/36 + (-2)/(-9). Suppose -7*g - 4*u - 60 = -3*g, -5*g + 3*u = 115. Let y = g + o. Calculate d(y).
2
Suppose a - c = 4*c - 18, 2*a = 3*c - 8. Suppose -3*k - 3 = a*y - 2, -3*y + k + 4 = 0. Let i(w) = w + y + 0*w - 7*w + w. Determine i(-2).
11
Let n(p) = 2*p**2 + 2*p - 1. Suppose 5 = -3*f + 17. Let c = 2 + f. Let i be (c/10)/(1/(-5)). Determine n(i).
11
Let l(d) = d**2 - 5*d + 4. Let u(j) be the first derivative of -5*j + 1/2*j**2 - 1. Let n be u(8). What is l(n)?
-2
Let l = 170 - 92. Let m = 78 - l. Let w(f) = -f**2 + 14. Calculate w(m).
14
Let q(f) be the first derivative of -f**2 + 27*f - 97. Give q(11).
5
Let y(j) = -j**3 - 9*j**2 - 8*j - 3. Let s = -23 + 27. Let p be (-1)/(s/31) + (-2)/8. What is y(p)?
-3
Let a(b) = 20*b**2 + 12*b + 1. Let u(h) = -19*h**2 - 10*h - 1. Let m(l) = 6*a(l) + 7*u(l). What is m(1)?
-12
Let h(k) = -3*k**3 - k**2 + k + 1. Let r be h(-1). Let c(l) = -431*l + 1 - 8*l**2 - 1 + 434*l + 6*l**2 - 1. Determine c(r).
-3
Let b(p) = p**2 - 6*p. Let n = 26 + -17. Suppose -n = 2*z - 5*l, 5*z - 34 + 10 = -3*l. Suppose -z*v + 3*h + 15 = -0*v, 13 = 4*v + 3*h. Calculate b(v).
-8
Let g(i) be the first derivative of i**6/360 + 7*i**5/120 + i**4/24 - 7*i**3/3 - 26. Let s(d) be the third derivative of g(d). Calculate s(-7).
1
Let r(c) = c**2 + 10*c - 11. Suppose -3*b = 3*y + 24, -b - 31 = b - 3*y. Let z be r(b). Suppose z = 2*o + 2*o - 4. Let d(x) = -4*x**2 + 2*x - 1. Determine d(o).
-3
Let k(c) = 18*c - 1 - 22 + 2*c - 21*c. What is k(0)?
-23
Let i(q) = 2*q**2 - 14*q - 2. Let k be 98/10 + (-10)/(-50). Let o be (4/10)/(1/k). Let b(v) = v**2 - 7*v - 1. Let m(f) = o*i(f) - 9*b(f). What is m(6)?
7
Let m(h) = h**2 + 10*h + 12. Let g be m(-9). Let i(r) = 3 - g*r + r - 3*r + r**2. Suppose q + 3*q - 8 = -4*x, -4*q + 3*x + 22 = 0. Calculate i(q).
-1
Let d(w) = -w**3 + 11*w**2 + 18*w - 210. Let c be d(11). Let q(j) = j**3 + 13*j**2 + 10*j - 6. Give q(c).
18
Let f(x) = -x + 8. Let v = 30 - 46. Let c = 20 + v. Let l be 42/8 + 3/c. What is f(l)?
2
Let s(u) be the first derivative of -u**3 + u**2 + 2*u - 1. Let h be s(2). Let b(r) be the first derivative of r**2/2 + r - 32. Give b(h).
-5
Let f(b) = 5*b**3 - b**2. Let u(y) = -y**3 + y**2 + y - 25. Let v be u(0). Let h = v - -25. Suppose 4*m = -2*q - 2, h = -m - q - 0*q - 2. What is f(m)?
4
Suppose 4*w - 58 = -30. Let i(a) = a**2 - 12*a + w*a + 14*a - 5. What is i(-8)?
-13
Let g be (-1 + -14)*7*(-9)/(-189). Let w(a) = 4*a + 6. Determine w(g).
-14
Let h(r) = r**3 + 11*r**2 + 10*r + 11. Let j be h(-10). Let c = 17 - j. Let n(o) = -2*o + 8. Determine n(c).
-4
Let i(d) = 3*d - 2. Let a be 3*((-120)/18)/(-5). Determine i(a).
10
Let o(m) = m**2 - 6*m + 6. Let h be o(6). Let u(a) = a - 12. Let k be u(17). Let t(s) = k + 5*s + s - 7*s. Determine t(h).
-1
Let d(u) = u**2 - 8*u + 2. Let n = 49 - 88. Let p = 42 + n. What is d(p)?
-13
Let s(k) be the third derivative of k**6/60 + k**5/30 - k**4/8 + k**3/2 + 230*k**2. Give s(2).
21
Let k(m) = -73*m - 6. Let a(z) = -85*z - 7. Let d(l) = -6*a(l) + 7*k(l). Calculate d(-4).
4
Let i(w) = -3*w + 20. Let n(l) = 4*l - 47. Let o(y) = -7*i(y) - 3*n(y). Determine o(3).
28
Let p(o) = o + 7. Let n = 21 + -27. Let z be p(n). Let g(q) = -2*q + z - 5 + 3. Give g(1).
-3
Let a(c) = -2*c**3 + 8*c**2 - 2*c + 2. Let o be a(4). Let v(x) be the third derivative of -x**4/12 - 4*x**3/3 + 2*x**2. Determine v(o).
4
Let b(a) be the first derivative of -5*a**3/3 - a**2 - 2*a - 16. Let d(w) = -w**2 - w. Let g(c) = b(c) - 2*d(c). Determine g(2).
-14
Suppose 25 = 3*y + 4*s + s, y = 5*s + 15. Suppose h = -3*h + 20. Let x(a) = 5 + 9*a**3 - y*a**3 - h*a - 6*a**2 + a. What is x(-4)?
-11
Let o(p) = -p**3 - 6*p**2 + 9*p + 16. Let d = -257 - -250. What is o(d)?
2
Let l(m) be the third derivative of -1/6*m**3 - 1/120*m**6 + 0 - 2*m**2 + 0*m + 1/10*m**5 + 1/3*m**4. Determine l(7).
6
Let b(x) = 5*x**3 - x**2 + x. Let i(q) = -9*q**3 - 17*q**2 + 17*q - 11. Let a(l) = -2*b(l) - i(l). Determine a(18).
-7
Let n be -2*(-4)/8*1. Let z(q) be the second derivative of -7*q**5/10 - q**4/12 + 5*q. Determine z(n).
-15
Let l(v) = 3*v - 1. Let d(z) = 4*z - 1. Let w(s) = -3*s**2 - 11*s + 1. Let x be w(-4). Let o(c) = x*l(c) + 2*d(c). What is o(8)?
-7
Let p(r) = -2*r**3 + 39*r**2 - 17*r - 41. Let s be p(19). Let a(l) = l**3 - 4*l - 1. Calculate a(s).
-16
Let q be 12/(-2)*(-1)/2. Let t(l) = 3*l**2 - 5*l + 4. Determine t(q).
16
Let o(u) be the second derivative of u**3/6 - u**2/2 + u. Suppose 0*l = -4*j - 2*l + 2, -4*l + 22 = -j. Let w be -2 + (2 + j - -4). Give o(w).
1
Let w(l) = 6*l. Let t be w(-1). Let q = t - -12. Let y(a) = -2*a**2 - 5*a + 1. Let d(i) = 3*i**2 + 10*i. Let b(m) = 3*d(m) + 5*y(m). What is b(q)?
-1
Let b(x) = x**3 - 13*x**2 + 11*x + 14. Let c be b(12). Let l(a) be the second derivative of 0 - 1/2*a**c - 1/6*a**3 + 3*a. What is l(0)?
-1
Let t(p) = 14*p + 17. Let o(a) = 69*a + 90. Let f(v) = 5*o(v) - 24*t(v). Give f(-5).
-3
Let w(y) = -y**3 + 20*y**2 + 4. Let q be w(20). Suppose -q = 21*f - 23*f. Let r(t) = -2*t - 2. Determine r(f).
-6
Let b(w) = -4*w**2 - w + 1. Let u be -7 - (-7 - (3 + -6)). Let c be 1*u + 1 + 3. Give b(c).
-4
Let b(r) = -2*r**2 - 11*r + 91. Let c(j) = j**2 + 5*j - 61. Let a(o) = 5*b(o) + 8*c(o). Give a(-5).
-8
Let i(x) = x**2 + 2*x + 3. Suppose 0 = 8*c - 7*c - 2, -l = -5*c + 13. Give i(l).
6
Let a be 12/(-10)*(4 - -1). Let x(w) be the second derivative of w**3/3 - 3*w**2/2 - 2*w. What is x(a)?
-15
Let j(c) be the second derivative of c**5/20 + c**4/3 - c**3/3 - 3*c**2/2 - 24*c. Suppose 2*i = -i + 5*y - 13, 2*i = y - 4. Let n = i - 1. Calculate j(n).
9
Let m(f) = 17. Let o(h) = -h + 14. Let w(r) = 5*m(r) - 4*o(r). Give w(-7).
1
Let w(x) = -x**3 - 2*x**2 - 3*x - 1. Suppose 14 = -3*u + u. Let f(m) = m + 15. Let n be f(u). Suppose 4*a + n = -0. Calculate w(a).
5
Let f(z) = -2*z**2 + 2*z + 2. Suppose -5*b - 5 = 4*c + 2, -19 = 5*c - 4*b. Calculate f(c).
-22
Suppose -n - 13 = -2*l + 2*n, -2*l + 4*n = -16. Let i(r) = -2 - 3*r + 0*r + r. What is i(l)?
-6
Let q(s) = -4*s**2 - s + 3. Let k(o) = o**2 + 6*o + 2. Let d be k(-6). Let i(r) = 5*r**2 + 2*r - 4. Let u(w) = d*i(w) + 3*q(w). Give u(-1).
-2
Let d(v) = -v + 1. Let t(l) = -4*l + 5. Let o = 9 - 7. Let m(n) = o*t(n) - 9*d(n). Let c(x) = x + 12. Let p be c(-9). Determine m(p).
4
Suppose -4*t = -7*t - 3. Let j(m) = -2*m - 1. Let c be j(t). Let h(b) be the third derivative of b**5/60 - b**3/6 + 191*b**2. Give h(c).
0
Let w(y) = -y**2 - 8*y + 4. Let c be w(-8). Let v(t) = 9*t - 21. Let o(x) = 5*x - 11. Let b(d) = c*v(d) - 7*o(d). What is b(5)?
-2
Let c(k) = 2*k**2 - 58*k + 3. Let n be c(29). Let m = 9 - -9. Let i(v) = -1 + v**n + 3*v**3 + 19*v**2 - m*v**2 + v. Give i(1).
5
Suppose -28 = 6*y - 13*y. Suppose -19 = -2*f - 5*k, -2*f = -5*f - 3*k + 15. Suppose 2*l = 4*b - f, y*b + 1 = 4*l + l. Let s(i) = -i**3 + 3*i**2 - i. Give s(l).
1
Let m = 40 + -38. Let a(l) = -m - 7*l**2 + 2 - 4*l + 8*l**2. Determine a(4).
0
Suppose -89 = -10*n - 119. Let t(h) = 2*h**2 + 5*h + 7. Give t(n).
10
Let w(j) = -j**2 - 5*j - 2. Let t = -88 - -87. Let p(v) = 7*v**3 + 3*v**2 + v. Let h be p(t). Determine w(h).
-2
Let a be (8/(-6))/(2/(-6)). Let y be -3*a*4/24. Let h(v) = v**2 - 2*v - 2. What is h(y)?
6
Suppose -34*m + 69 + 135 = 0. Let w(d) be the third derivative of -d**4/8 + d**3 - d**2. Give w(m).
-12
Let b = -4 - 4. Let t(s) = -11*s**2 - 15*s + 2. Let z(i) = -7*i**2 - 10*i + 1. Let n(y) = b*z(y) + 5*t(y). Calculate n(-4).
-2
Let s(r) be the first derivative of -3*r**4/4 + 4*r**3/3 - 2*r**2 + 2*r - 25. Determine s(2).
-14
Suppose k = 4*s + 18, -3*k = s - 0*s - 2